{"id":37,"date":"2015-04-15T14:15:35","date_gmt":"2015-04-15T14:15:35","guid":{"rendered":"http:\/\/www-reynal.ensea.fr\/?page_id=37"},"modified":"2023-12-13T18:08:21","modified_gmt":"2023-12-13T16:08:21","slug":"physique-quantique","status":"publish","type":"page","link":"https:\/\/reynal.etis-lab.fr\/?page_id=37","title":{"rendered":"[archive] Physique Quantique (1A)"},"content":{"rendered":"<p><img decoding=\"async\" src=\"docs\/quantum\/one-cat.png\" alt=\"\" width=\"50%\" \/><\/p>\n<h3>Pr\u00e9sentation<\/h3>\n<div style=\"text-align: justify;\">\n<p>Cet enseignement de physique quantique vise \u00e0 donner un socle de connaissances synth\u00e9tiques en physique de la mati\u00e8re, y compris dans ses d\u00e9veloppements les plus r\u00e9cents, permettant d\u2019appr\u00e9hender des d\u00e9veloppements technologiques en prise directe, non seulement avec la physique contemporaine, mais aussi avec les m\u00e9tiers des ing\u00e9nieurs (nano)\u00e9lectroniciens de demain. Il est \u00e9galement un <em>pr\u00e9-requis<\/em> indispensable \u00e0 un certain nombre d\u2019enseignements de deuxi\u00e8me ann\u00e9e (dont 205, 270, 272, 275). Les d\u00e9veloppements th\u00e9oriques sont souvent ax\u00e9s sur la physique du solide. N\u00e9anmoins, cet enseignement est voulu ouvert, tant ses implications sont fondamentales dans le domaine de l\u2019opto\u00e9lectronique, des LASERs, de la micro\u00e9lectronique, des nanotechnologies et des capteurs notamment.<\/p>\n<ul>\n<li>Choix d\u2019un fil conducteur parmi quelques applications contemporaines de la physique quantique.<\/li>\n<li>Spin et magn\u00e9tisme ; syst\u00e8mes de plusieurs particules et produit tensoriel d\u2019\u00e9tats.<\/li>\n<li>Quantification de l\u2019\u00e9nergie atomique, orbitales atomique.<\/li>\n<li>Fonction d\u2019onde, dynamique d\u2019une particule quantique et \u00e9tats stationnaires.<\/li>\n<li>Postulats ; formulation matricielle de la m\u00e9canique quantique et notation de Dirac<\/li>\n<li>Perturbations stationnaires ou d\u00e9pendant du temps, r\u00e9gle d\u2019or de Fermi et application \u00e0 l\u2019\u00e9tude des transitions radiatives.<\/li>\n<\/ul>\n<\/div>\n<h3>Supports de cours<\/h3>\n<ul>\n<li>Sur le site <a href=\"http:\/\/moodle.ensea.fr\/course\/view.php?id=228\">MOODLE<\/a><\/li>\n<li><a href=\"docs\/quantum\/Intro_light.pdf\">Diapositive de la s\u00e9ance 1<\/a><\/li>\n<li><a href=\"docs\/quantum\/Cours_seance_2_3.pdf\">Diapositive des s\u00e9ances 2 et 3<\/a><\/li>\n<li><a href=\"docs\/quantum\/poly2013.pdf\">Le poly<\/a><\/li>\n<li><a href=\"docs\/quantum\/TD_2013.pdf\">Les sujets de TD<\/a><\/li>\n<\/ul>\n<p><img decoding=\"async\" src=\"https:\/\/farm9.staticflickr.com\/8388\/8471257381_59c2ca5b27_b.jpg\" alt=\"\" width=\"50%\" \/><\/p>\n<h3>Th\u00e8mes de bureaux d&#8217;\u00e9tudes et documents n\u00e9cessaires<\/h3>\n<p>Les trois derni\u00e8res s\u00e9ances de TD sont consacr\u00e9es \u00e0 l\u2019\u00e9tude d\u2019un sujet dit de <i>bureau d\u2019\u00e9tude<\/i>. Il s\u2019agit, en lien avec une application r\u00e9cente de la physique quantique (ex : la cryptographie quantique) ou une question fondamentale (ex : le chat de Schr\u00f6dinger), d\u2019analyser un ou deux articles de recherche. Un sujet r\u00e9dig\u00e9 par nos soins vous guide dans cette d\u00e9marche. Le travail est \u00e9valu\u00e9 et donne lieu \u00e0 un cr\u00e9dit ECTS (l\u2019\u00e9valuation s\u2019appuie sur votre activisme en s\u00e9ance, votre assiduit\u00e9, et sur la qualit\u00e9 de vos r\u00e9sultats).<\/p>\n<p>Quelque soit votre sujet, je vous invite \u00e0 lire cet <a href=\"http:\/\/www-reynal.ensea.fr\/docs\/quantum\/be\/PLS_250_066_072_CalcQuant.pdf\">article<\/a> issu du magazine Pour La Science avant toute chose.<\/p>\n<p>Les sujets et les documents associ\u00e9s :<\/p>\n<ul>\n<li>La cryptographie quantique : <a href=\"https:\/\/reynal.etis-lab.fr\/docs\/quantum\/be\/Crypto_sujet.pdf\">sujet<\/a> uniquement (et article g\u00e9n\u00e9ral issu de Pour La Science, cf plus haut)<\/li>\n<li>La t\u00e9l\u00e9portation quantique : <a href=\"https:\/\/reynal.etis-lab.fr\/docs\/quantum\/be\/TeleportQuant_sujet.pdf\">sujet<\/a> et articles <a href=\"https:\/\/reynal.etis-lab.fr\/docs\/quantum\/be\/TeleportQuant_Nature_111298_Zeilinger.pdf\">1<\/a>, <a href=\"https:\/\/reynal.etis-lab.fr\/docs\/quantum\/be\/TeleportQuant_PhysRevLett_70_1895_1993.pdf\">2<\/a> et <a href=\"https:\/\/reynal.etis-lab.fr\/docs\/quantum\/be\/TeleportQuant_PLS_272_036_044.pdf\">3<\/a><\/li>\n<li>Les horloges atomiques et le MASER : <a href=\"https:\/\/reynal.etis-lab.fr\/docs\/quantum\/be\/Maser_sujet.pdf\">sujet<\/a> et articles <a href=\"https:\/\/reynal.etis-lab.fr\/docs\/quantum\/be\/Maser_scientificamerican0257-71.pdf\">1<\/a> et <a href=\"https:\/\/reynal.etis-lab.fr\/docs\/quantum\/be\/Maser_scientificamerican1258-42.pdf\">2<\/a>.<\/li>\n<li>L\u2019imagerie par r\u00e9sonance magn\u00e9tique : <a href=\"https:\/\/reynal.etis-lab.fr\/docs\/quantum\/be\/IRM_sujet.pdf\">sujet<\/a> et article <a href=\"https:\/\/reynal.etis-lab.fr\/docs\/quantum\/be\/IRM_PLS_302_042_049_IRM_TEP.pdf\">1<\/a><\/li>\n<li>Le paradoxe EPR : <a href=\"https:\/\/reynal.etis-lab.fr\/docs\/quantum\/be\/EPR_texteBE.pdf\">sujet<\/a> et articles <a href=\"https:\/\/reynal.etis-lab.fr\/docs\/quantum\/be\/EPR_article1BE.pdf\">1<\/a> et <a href=\"https:\/\/reynal.etis-lab.fr\/docs\/quantum\/be\/EPR_article2BE.pdf\">2<\/a><\/li>\n<li>Les quantum-dots : <a href=\"https:\/\/reynal.etis-lab.fr\/docs\/quantum\/be\/QuantumDots.pdf\">sujet<\/a> et articles <a href=\"https:\/\/reynal.etis-lab.fr\/docs\/quantum\/be\/QuantumDots_74-80.pdf\">1<\/a>, <a href=\"https:\/\/reynal.etis-lab.fr\/docs\/quantum\/be\/QuantumDots_memoires_de_spin_a_quantum_dots.pdf\">2<\/a> et <a href=\"https:\/\/reynal.etis-lab.fr\/docs\/quantum\/be\/QuantumDots_images_de_la_physique_2001.pdf\">3<\/a><\/li>\n<li>L\u2019ordinateur quantique et l\u2019algorithme quantique de Transform\u00e9e de Fourier Quantique (QFT) utilis\u00e9 pour craquer les syst\u00e8mes de cryptage : <a href=\"https:\/\/reynal.etis-lab.fr\/docs\/quantum\/be\/TfdQuantique.pdf\">sujet<\/a><\/li>\n<li>Les LASERs mol\u00e9culaires : <a href=\"https:\/\/reynal.etis-lab.fr\/docs\/quantum\/be\/LaserMoleculaire_sujet.pdf\">sujet<\/a><\/li>\n<li>Le chat de Schr\u00f6dinger : <a href=\"https:\/\/reynal.etis-lab.fr\/docs\/quantum\/be\/Cat_texteBE.pdf\">sujet<\/a> et articles <a href=\"https:\/\/reynal.etis-lab.fr\/docs\/quantum\/be\/Cat_articleBE.pdf\">1<\/a>, <a href=\"https:\/\/reynal.etis-lab.fr\/docs\/quantum\/be\/Cat_PhysRevA_33_674_1986.pdf\">2<\/a> et <a href=\"https:\/\/reynal.etis-lab.fr\/docs\/quantum\/be\/Cat_PhysRevLett_56_2237_2240.pdf\">3<\/a><\/li>\n<li>Les nanotubes de carbone : <a href=\"https:\/\/reynal.etis-lab.fr\/docs\/quantum\/be\/Nanotubes_sujet.pdf\">sujet<\/a> et articles <a href=\"https:\/\/reynal.etis-lab.fr\/docs\/quantum\/be\/Nanotubes_imagesCNRS.pdf\">1<\/a> et <a href=\"https:\/\/reynal.etis-lab.fr\/docs\/quantum\/be\/Nanotubes_fils.pdf\">2<\/a><\/li>\n<li>Les d\u00e9tecteurs de particules au CERN : <a href=\"https:\/\/reynal.etis-lab.fr\/docs\/quantum\/be\/Detecteurs_sujet.pdf\">sujet<\/a> et articles sous forme papier (\u00e0 demander)<\/li>\n<li>Une belle question fondamentale &#8230; Pourquoi la nature compte-t-elle modulo 4 PI ? (et non modulo 2 PI !) <a href=\"https:\/\/reynal.etis-lab.fr\/docs\/quantum\/be\/Neutrons_texteBE.pdf\">sujet<\/a> et articles <a href=\"https:\/\/reynal.etis-lab.fr\/docs\/quantum\/be\/Neutrons_article1.pdf\">1<\/a>, <a href=\"https:\/\/reynal.etis-lab.fr\/docs\/quantum\/be\/Neutrons_article2.pdf\">2<\/a> et <a href=\"https:\/\/reynal.etis-lab.fr\/docs\/quantum\/be\/Neutrons_article3.pdf\">3<\/a><\/li>\n<\/ul>\n<h3>Liens vers quelques animations sur le web<\/h3>\n<ul>\n<li>Une tr\u00e8s belle <a href=\"http:\/\/www.falstad.com\/qm1d\/\">applet java interactive<\/a> illustrant le mouvement d\u2019une particule quantique dans un champ de force (vous pourrez choisir entre le puit de potentiel, la barri\u00e8re de potentiel, ou l\u2019oscillateur harmonique). Java doit \u00eatre install\u00e9 sur votre syst\u00e8me (c\u2019est g\u00e9n\u00e9ralement le cas par d\u00e9faut sous Windows et Mac).<\/li>\n<li>Une tr\u00e8s belle <a href=\"http:\/\/phet.colorado.edu\/sims\/lasers\/lasers_en.jnlp\">application<\/a> illustrant le fonctionnement du LASER. A essayer absolument !<\/li>\n<\/ul>\n","protected":false},"excerpt":{"rendered":"<p>Pr\u00e9sentation Cet enseignement de physique quantique vise \u00e0 donner un socle de connaissances synth\u00e9tiques en physique de la mati\u00e8re, y compris dans ses d\u00e9veloppements les plus r\u00e9cents, permettant d\u2019appr\u00e9hender des d\u00e9veloppements technologiques en prise directe, non seulement avec la physique contemporaine, mais aussi avec les m\u00e9tiers des ing\u00e9nieurs (nano)\u00e9lectroniciens de demain. Il est \u00e9galement un &hellip; <\/p>\n<p class=\"link-more\"><a href=\"https:\/\/reynal.etis-lab.fr\/?page_id=37\" class=\"more-link\">Continue reading<span class=\"screen-reader-text\"> &#8220;[archive] Physique Quantique (1A)&#8221;<\/span><\/a><\/p>\n","protected":false},"author":1,"featured_media":0,"parent":19,"menu_order":0,"comment_status":"closed","ping_status":"open","template":"","meta":{"footnotes":""},"class_list":["post-37","page","type-page","status-publish","hentry"],"_links":{"self":[{"href":"https:\/\/reynal.etis-lab.fr\/index.php?rest_route=\/wp\/v2\/pages\/37","targetHints":{"allow":["GET"]}}],"collection":[{"href":"https:\/\/reynal.etis-lab.fr\/index.php?rest_route=\/wp\/v2\/pages"}],"about":[{"href":"https:\/\/reynal.etis-lab.fr\/index.php?rest_route=\/wp\/v2\/types\/page"}],"author":[{"embeddable":true,"href":"https:\/\/reynal.etis-lab.fr\/index.php?rest_route=\/wp\/v2\/users\/1"}],"replies":[{"embeddable":true,"href":"https:\/\/reynal.etis-lab.fr\/index.php?rest_route=%2Fwp%2Fv2%2Fcomments&post=37"}],"version-history":[{"count":22,"href":"https:\/\/reynal.etis-lab.fr\/index.php?rest_route=\/wp\/v2\/pages\/37\/revisions"}],"predecessor-version":[{"id":1024,"href":"https:\/\/reynal.etis-lab.fr\/index.php?rest_route=\/wp\/v2\/pages\/37\/revisions\/1024"}],"up":[{"embeddable":true,"href":"https:\/\/reynal.etis-lab.fr\/index.php?rest_route=\/wp\/v2\/pages\/19"}],"wp:attachment":[{"href":"https:\/\/reynal.etis-lab.fr\/index.php?rest_route=%2Fwp%2Fv2%2Fmedia&parent=37"}],"curies":[{"name":"wp","href":"https:\/\/api.w.org\/{rel}","templated":true}]}}