{"id":303,"date":"2017-09-05T16:22:10","date_gmt":"2017-09-05T14:22:10","guid":{"rendered":"http:\/\/www-reynal.ensea.fr\/?page_id=303"},"modified":"2023-12-13T17:27:28","modified_gmt":"2023-12-13T15:27:28","slug":"projets-de-2eme-annee","status":"publish","type":"page","link":"https:\/\/reynal.etis-lab.fr\/?page_id=303","title":{"rendered":"Projet synth\u00e9tiseur Themis"},"content":{"rendered":"<h1>Themis, un synth\u00e9tiseur\/drum-machine hybride analogique-num\u00e9rique<\/h1>\n<p><a href=\"https:\/\/reynal.github.io\/themis\/\">Themis<\/a> est un th\u00e8me de projet collaboratif propos\u00e9 \u00e0 un groupe d&#8217;une vingtaine d&#8217;\u00e9tudiants de l&#8217;ENSEA issus des 3 ann\u00e9es du cycle ing\u00e9nieur.<br \/>\nIl s&#8217;agit de concevoir de A \u00e0 Z un instrument de musique \u00e9lectronique de type synth\u00e9\/drum-machine.<\/p>\n<p>Le rapport de projet de 2017-2018 d\u00e9crivant la conception du premier prototype &#8220;PULSAR&#8221; (qui a \u00e9t\u00e9 notamment montr\u00e9 \u00e0 la JPO en f\u00e9vrier dernier) est consultable <a href=\"https:\/\/reynal.etis-lab.fr\/docs\/projets2A\/rapport-pulsar.pdf\">ici<\/a>.<\/p>\n<p>On peut \u00e9galement <a href=\"https:\/\/reynal.etis-lab.fr\/docs\/projets2A\/test-pulsar.mp3\">\u00e9couter un MP3 compos\u00e9<\/a>\u00a0(par moi^^) avec le premier protoype (partie rythmique programm\u00e9e sur TR909) et <a href=\"https:\/\/reynal.etis-lab.fr\/docs\/projets2A\/demo-jpo.mov\">voir une video<\/a> de la JPO 2018.<\/p>\n<p>La liste des t\u00e2ches pour cette seconde \u00e9dition comporte notamment\u00a0:<\/p>\n<ul>\n<li>filtres VCF r\u00e9sonants \u00e0 base de circuits analogiques SSM2044,<\/li>\n<li>oscillateur sub-bass,<\/li>\n<li>module de r\u00e9verb (num\u00e9rique vs m\u00e9canique),<\/li>\n<li>module chorus\/flanger, stereo-widener,<\/li>\n<li>synth\u00e8se par mod\u00e8le physique<\/li>\n<li>matrice de modulation (LFO),<\/li>\n<li>interface graphique en Java pour l&#8217;\u00e9cran tactile,<\/li>\n<li>face avant (boutons, bargraphs, LCD, vu-m\u00e8tres),<\/li>\n<li>gestion du temps r\u00e9el sur STM32 pour le MIDI et la polyphonie,<\/li>\n<li>arpegiateur,<\/li>\n<li>sons du module &#8220;drum machine&#8221;,<\/li>\n<li>module s\u00e9quenceur MIDI\/CV<\/li>\n<li>cr\u00e9er un site web pour le projet<\/li>\n<li>nourrir et manager une cha\u00eene youtube<\/li>\n<li>concevoir un patch max\/msp pour la simulation en avant-projet<\/li>\n<li>\u00e9crire le guide de l&#8217;utilisateur<\/li>\n<li>&#8230;<\/li>\n<\/ul>\n<p>Les t\u00e2ches sont r\u00e9parties entre les \u00e9tudiants au fur et \u00e0 mesure de l&#8217;ann\u00e9e. La <a href=\"https:\/\/reynal.github.io\/themis\/\">page GitHub du projet<\/a> proposait r\u00e9guli\u00e8rement des articles, photos ou video de d\u00e9monstration illustrant l&#8217;avancement du projet.<\/p>\n","protected":false},"excerpt":{"rendered":"<p>Themis, un synth\u00e9tiseur\/drum-machine hybride analogique-num\u00e9rique Themis est un th\u00e8me de projet collaboratif propos\u00e9 \u00e0 un groupe d&#8217;une vingtaine d&#8217;\u00e9tudiants de l&#8217;ENSEA issus des 3 ann\u00e9es du cycle ing\u00e9nieur. Il s&#8217;agit de concevoir de A \u00e0 Z un instrument de musique \u00e9lectronique de type synth\u00e9\/drum-machine. Le rapport de projet de 2017-2018 d\u00e9crivant la conception du premier &hellip; <\/p>\n<p class=\"link-more\"><a href=\"https:\/\/reynal.etis-lab.fr\/?page_id=303\" class=\"more-link\">Continue reading<span class=\"screen-reader-text\"> &#8220;Projet synth\u00e9tiseur Themis&#8221;<\/span><\/a><\/p>\n","protected":false},"author":1,"featured_media":534,"parent":19,"menu_order":0,"comment_status":"closed","ping_status":"closed","template":"","meta":{"footnotes":""},"class_list":["post-303","page","type-page","status-publish","has-post-thumbnail","hentry"],"_links":{"self":[{"href":"https:\/\/reynal.etis-lab.fr\/index.php?rest_route=\/wp\/v2\/pages\/303","targetHints":{"allow":["GET"]}}],"collection":[{"href":"https:\/\/reynal.etis-lab.fr\/index.php?rest_route=\/wp\/v2\/pages"}],"about":[{"href":"https:\/\/reynal.etis-lab.fr\/index.php?rest_route=\/wp\/v2\/types\/page"}],"author":[{"embeddable":true,"href":"https:\/\/reynal.etis-lab.fr\/index.php?rest_route=\/wp\/v2\/users\/1"}],"replies":[{"embeddable":true,"href":"https:\/\/reynal.etis-lab.fr\/index.php?rest_route=%2Fwp%2Fv2%2Fcomments&post=303"}],"version-history":[{"count":19,"href":"https:\/\/reynal.etis-lab.fr\/index.php?rest_route=\/wp\/v2\/pages\/303\/revisions"}],"predecessor-version":[{"id":1020,"href":"https:\/\/reynal.etis-lab.fr\/index.php?rest_route=\/wp\/v2\/pages\/303\/revisions\/1020"}],"up":[{"embeddable":true,"href":"https:\/\/reynal.etis-lab.fr\/index.php?rest_route=\/wp\/v2\/pages\/19"}],"wp:featuredmedia":[{"embeddable":true,"href":"https:\/\/reynal.etis-lab.fr\/index.php?rest_route=\/wp\/v2\/media\/534"}],"wp:attachment":[{"href":"https:\/\/reynal.etis-lab.fr\/index.php?rest_route=%2Fwp%2Fv2%2Fmedia&parent=303"}],"curies":[{"name":"wp","href":"https:\/\/api.w.org\/{rel}","templated":true}]}}