{"id":1160,"date":"2026-09-02T17:23:31","date_gmt":"2026-09-02T15:23:31","guid":{"rendered":"https:\/\/reynal.etis-lab.fr\/?page_id=1160"},"modified":"2026-09-02T17:26:45","modified_gmt":"2026-09-02T15:26:45","slug":"philosophie-et-politique-des-risques-bachelor-human-it","status":"publish","type":"page","link":"https:\/\/reynal.etis-lab.fr\/?page_id=1160","title":{"rendered":"Politique des risques (Bachelor Human-IT)"},"content":{"rendered":"\n<p class=\"wp-block-paragraph\">Dans le cadre du <a href=\"https:\/\/www.ensea.fr\/formations\/bachelor-human-it\">Bachelor Human-IT de l&#8217;ENSEA,<\/a> ce cours vise \u00e0 permettre aux \u00e9tudiants d&#8217;appr\u00e9hender la dimension politique de la technologie au travers de l&#8217;articulation entre prise de risque et gestion des risques. Le cours est structur\u00e9 en 3 grandes parties : <\/p>\n\n\n\n<ul class=\"wp-block-list\">\n<li>Histoire de la construction sociale et politique des risques<\/li>\n\n\n\n<li>Gestion des risques : controverses, concepts fondamentaux<\/li>\n\n\n\n<li>Experts, expertise et r\u00e9glementation internationale ; risques et normalisation ; d\u00e9cision en incertitude ; pr\u00e9vention<\/li>\n\n\n\n<li>Etudes de cas : s\u00e9curit\u00e9 sanitaire ; risque nucl\u00e9aire ; changement climatique, transport a\u00e9rien.<\/li>\n<\/ul>\n\n\n\n<p class=\"wp-block-paragraph\">Textes de Ulrich Beck, Fran\u00e7ois EWALD, Michel FOUCAULT, Anne Dufourmantelle, &#8230;<\/p>\n\n\n\n<p class=\"wp-block-paragraph\">Documents de cours et activit\u00e9s disponibles sur <a href=\"https:\/\/moodle.ensea.fr\/course\/view.php?id=1824\">https:\/\/moodle.ensea.fr\/course\/view.php?id=1824<\/a><\/p>\n","protected":false},"excerpt":{"rendered":"<p>Dans le cadre du Bachelor Human-IT de l&#8217;ENSEA, ce cours vise \u00e0 permettre aux \u00e9tudiants d&#8217;appr\u00e9hender la dimension politique de la technologie au travers de l&#8217;articulation entre prise de risque et gestion des risques. Le cours est structur\u00e9 en 3 grandes parties : Textes de Ulrich Beck, Fran\u00e7ois EWALD, Michel FOUCAULT, Anne Dufourmantelle, &#8230; Documents &hellip; <\/p>\n<p class=\"link-more\"><a href=\"https:\/\/reynal.etis-lab.fr\/?page_id=1160\" class=\"more-link\">Continue reading<span class=\"screen-reader-text\"> &#8220;Politique des risques (Bachelor Human-IT)&#8221;<\/span><\/a><\/p>\n","protected":false},"author":1,"featured_media":0,"parent":0,"menu_order":0,"comment_status":"closed","ping_status":"closed","template":"","meta":{"footnotes":""},"class_list":["post-1160","page","type-page","status-publish","hentry"],"_links":{"self":[{"href":"https:\/\/reynal.etis-lab.fr\/index.php?rest_route=\/wp\/v2\/pages\/1160","targetHints":{"allow":["GET"]}}],"collection":[{"href":"https:\/\/reynal.etis-lab.fr\/index.php?rest_route=\/wp\/v2\/pages"}],"about":[{"href":"https:\/\/reynal.etis-lab.fr\/index.php?rest_route=\/wp\/v2\/types\/page"}],"author":[{"embeddable":true,"href":"https:\/\/reynal.etis-lab.fr\/index.php?rest_route=\/wp\/v2\/users\/1"}],"replies":[{"embeddable":true,"href":"https:\/\/reynal.etis-lab.fr\/index.php?rest_route=%2Fwp%2Fv2%2Fcomments&post=1160"}],"version-history":[{"count":2,"href":"https:\/\/reynal.etis-lab.fr\/index.php?rest_route=\/wp\/v2\/pages\/1160\/revisions"}],"predecessor-version":[{"id":1167,"href":"https:\/\/reynal.etis-lab.fr\/index.php?rest_route=\/wp\/v2\/pages\/1160\/revisions\/1167"}],"wp:attachment":[{"href":"https:\/\/reynal.etis-lab.fr\/index.php?rest_route=%2Fwp%2Fv2%2Fmedia&parent=1160"}],"curies":[{"name":"wp","href":"https:\/\/api.w.org\/{rel}","templated":true}]}}

<p class="wp-block-paragraph">Dans le cadre du <a href="https://www.ensea.fr/formations/bachelor-human-it">Bachelor Human-IT de l&#8217;ENSEA,</a> ce cours vise à permettre aux étudiants d&#8217;appréhender la dimension politique de la technologie au travers de l&#8217;articulation entre prise de risque et gestion des risques. Le cours est structuré en 3 grandes parties : </p>



<ul class="wp-block-list">
<li>Histoire de la construction sociale et politique des risques</li>



<li>Gestion des risques : controverses, concepts fondamentaux</li>



<li>Experts, expertise et réglementation internationale ; risques et normalisation ; décision en incertitude ; prévention</li>



<li>Etudes de cas : sécurité sanitaire ; risque nucléaire ; changement climatique, transport aérien.</li>
</ul>



<p class="wp-block-paragraph">Textes de Ulrich Beck, François EWALD, Michel FOUCAULT, Anne Dufourmantelle, &#8230;</p>



<p class="wp-block-paragraph">Documents de cours et activités disponibles sur <a href="https://moodle.ensea.fr/course/view.php?id=1824">https://moodle.ensea.fr/course/view.php?id=1824</a></p>

<p>Dans le cadre du Bachelor Human-IT de l&#8217;ENSEA, ce cours vise à permettre aux étudiants d&#8217;appréhender la dimension politique de la technologie au travers de l&#8217;articulation entre prise de risque et gestion des risques. Le cours est structuré en 3 grandes parties : Textes de Ulrich Beck, François EWALD, Michel FOUCAULT, Anne Dufourmantelle, &#8230; Documents &hellip; </p>
<p class="link-more"><a href="https://reynal.etis-lab.fr/?page_id=1160" class="more-link">Continue reading<span class="screen-reader-text"> &#8220;Politique des risques (Bachelor Human-IT)&#8221;</span></a></p>
