{"id":1153,"date":"2026-09-02T17:09:07","date_gmt":"2026-09-02T15:09:07","guid":{"rendered":"https:\/\/reynal.etis-lab.fr\/?page_id=1153"},"modified":"2026-09-02T17:14:37","modified_gmt":"2026-09-02T15:14:37","slug":"ethique-rse-et-psychodynamique-du-travail-bachelor-human-it","status":"publish","type":"page","link":"https:\/\/reynal.etis-lab.fr\/?page_id=1153","title":{"rendered":"Ethique, RSE et Psychodynamique du travail (Bachelor Human-IT)"},"content":{"rendered":"\n<p class=\"wp-block-paragraph\">Dans le cadre du <a href=\"https:\/\/www.ensea.fr\/formations\/bachelor-human-it\">Bachelor Human-IT de l&#8217;ENSEA,<\/a> ce cours vise \u00e0 permettre aux \u00e9tudiants d&#8217;appr\u00e9hender la dimension \u00e9thique de la science et des technologies \u00e0 travers leur impact social, soci\u00e9tal et environnemental. L&#8217;accent est mis sur l&#8217;IA (y compris dans sa dimension incarn\u00e9e) et les enjeux climatiques. <\/p>\n\n\n\n<p class=\"wp-block-paragraph\">Le cours aborde dans un premier temps les dilemmes \u00e9thiques c\u00e9l\u00e8bres et les probl\u00e9matiques de prise de d\u00e9cision, notamment dans les syst\u00e8mes automatis\u00e9s, les probl\u00e8mes environnementaux li\u00e9s aux  d\u00e9r\u00e8glements climatiques  (histoire du D\u00e9veloppement durable, institutionnalisation, r\u00e9gulation).  La seconde partie du cours est d\u00e9di\u00e9e au travail, depuis une perspective philosophique (concept de travail et d&#8217;activit\u00e9 ; travail et technique) et psychodynamique (impacts des nouvelles technologies et du num\u00e9rique sur les modes d&#8217;organisation du travail). A cette occasion sont \u00e9galement abord\u00e9es  les aspects RSE (cadre juridique et obligations l\u00e9gales ; dynamiques organisationnelles au sein des entreprises ; arbitrage entre performance e\u0301conomique et responsabilite\u0301 sociale et environnementale).<\/p>\n\n\n\n<p class=\"wp-block-paragraph\">Textes de Gilbert Simondon, Yves Clot, Christophe Dejours, Gond &amp; Igalens.<\/p>\n\n\n\n<p class=\"wp-block-paragraph\">Documents du cours et activit\u00e9s sur <a href=\"https:\/\/moodle.ensea.fr\/course\/view.php?id=1776\">https:\/\/moodle.ensea.fr\/course\/view.php?id=1776<\/a><\/p>\n","protected":false},"excerpt":{"rendered":"<p>Dans le cadre du Bachelor Human-IT de l&#8217;ENSEA, ce cours vise \u00e0 permettre aux \u00e9tudiants d&#8217;appr\u00e9hender la dimension \u00e9thique de la science et des technologies \u00e0 travers leur impact social, soci\u00e9tal et environnemental. L&#8217;accent est mis sur l&#8217;IA (y compris dans sa dimension incarn\u00e9e) et les enjeux climatiques. Le cours aborde dans un premier temps &hellip; <\/p>\n<p class=\"link-more\"><a href=\"https:\/\/reynal.etis-lab.fr\/?page_id=1153\" class=\"more-link\">Continue reading<span class=\"screen-reader-text\"> &#8220;Ethique, RSE et Psychodynamique du travail (Bachelor Human-IT)&#8221;<\/span><\/a><\/p>\n","protected":false},"author":1,"featured_media":0,"parent":0,"menu_order":0,"comment_status":"closed","ping_status":"closed","template":"","meta":{"footnotes":""},"class_list":["post-1153","page","type-page","status-publish","hentry"],"_links":{"self":[{"href":"https:\/\/reynal.etis-lab.fr\/index.php?rest_route=\/wp\/v2\/pages\/1153","targetHints":{"allow":["GET"]}}],"collection":[{"href":"https:\/\/reynal.etis-lab.fr\/index.php?rest_route=\/wp\/v2\/pages"}],"about":[{"href":"https:\/\/reynal.etis-lab.fr\/index.php?rest_route=\/wp\/v2\/types\/page"}],"author":[{"embeddable":true,"href":"https:\/\/reynal.etis-lab.fr\/index.php?rest_route=\/wp\/v2\/users\/1"}],"replies":[{"embeddable":true,"href":"https:\/\/reynal.etis-lab.fr\/index.php?rest_route=%2Fwp%2Fv2%2Fcomments&post=1153"}],"version-history":[{"count":2,"href":"https:\/\/reynal.etis-lab.fr\/index.php?rest_route=\/wp\/v2\/pages\/1153\/revisions"}],"predecessor-version":[{"id":1158,"href":"https:\/\/reynal.etis-lab.fr\/index.php?rest_route=\/wp\/v2\/pages\/1153\/revisions\/1158"}],"wp:attachment":[{"href":"https:\/\/reynal.etis-lab.fr\/index.php?rest_route=%2Fwp%2Fv2%2Fmedia&parent=1153"}],"curies":[{"name":"wp","href":"https:\/\/api.w.org\/{rel}","templated":true}]}}

<p class="wp-block-paragraph">Dans le cadre du <a href="https://www.ensea.fr/formations/bachelor-human-it">Bachelor Human-IT de l&#8217;ENSEA,</a> ce cours vise à permettre aux étudiants d&#8217;appréhender la dimension éthique de la science et des technologies à travers leur impact social, sociétal et environnemental. L&#8217;accent est mis sur l&#8217;IA (y compris dans sa dimension incarnée) et les enjeux climatiques. </p>



<p class="wp-block-paragraph">Le cours aborde dans un premier temps les dilemmes éthiques célèbres et les problématiques de prise de décision, notamment dans les systèmes automatisés, les problèmes environnementaux liés aux  dérèglements climatiques  (histoire du Développement durable, institutionnalisation, régulation).  La seconde partie du cours est dédiée au travail, depuis une perspective philosophique (concept de travail et d&#8217;activité ; travail et technique) et psychodynamique (impacts des nouvelles technologies et du numérique sur les modes d&#8217;organisation du travail). A cette occasion sont également abordées  les aspects RSE (cadre juridique et obligations légales ; dynamiques organisationnelles au sein des entreprises ; arbitrage entre performance économique et responsabilité sociale et environnementale).</p>



<p class="wp-block-paragraph">Textes de Gilbert Simondon, Yves Clot, Christophe Dejours, Gond &amp; Igalens.</p>



<p class="wp-block-paragraph">Documents du cours et activités sur <a href="https://moodle.ensea.fr/course/view.php?id=1776">https://moodle.ensea.fr/course/view.php?id=1776</a></p>

<p>Dans le cadre du Bachelor Human-IT de l&#8217;ENSEA, ce cours vise à permettre aux étudiants d&#8217;appréhender la dimension éthique de la science et des technologies à travers leur impact social, sociétal et environnemental. L&#8217;accent est mis sur l&#8217;IA (y compris dans sa dimension incarnée) et les enjeux climatiques. Le cours aborde dans un premier temps &hellip; </p>
<p class="link-more"><a href="https://reynal.etis-lab.fr/?page_id=1153" class="more-link">Continue reading<span class="screen-reader-text"> &#8220;Ethique, RSE et Psychodynamique du travail (Bachelor Human-IT)&#8221;</span></a></p>
